 = 1326. What are the prime factors of a?
2, 5, 11
Suppose 5*n = -3*c - 38, 5*n - 5*c = -22 - 8. Let g = 11 + n. Suppose 0 = 5*f + g*k - 27, -f + k + k - 3 = 0. What are the prime factors of f?
3
Suppose -9*a + 8580 = 6*a. List the prime factors of a.
2, 11, 13
Let a be (2/(-4))/((-2)/808*2). Let x = 251 - a. List the prime factors of x.
2, 3, 5
Suppose v + 2*r - 113 = 16, -v - 4*r = -121. Suppose -10*m = -11*m + v. List the prime factors of m.
137
Suppose -4*j - 35 - 35 = -3*n, 3*n + j - 95 = 0. Let p be (36/n)/((-2)/110). Let q = -8 - p. List the prime factors of q.
2, 29
What are the prime factors of (2601 - 360)/(1 + (-2)/(-4))?
2, 3, 83
Let o(v) be the second derivative of v**3/6 - 4*v. Let i(a) = 14*a + 4. Let u(x) = -i(x) + 3*o(x). What are the prime factors of u(-2)?
2, 3
Let v(y) = 13*y**2 + 17*y - 100. List the prime factors of v(6).
2, 5, 47
Suppose 0 = -6*s - 2629 + 17209. List the prime factors of s.
2, 3, 5
Let o(p) = -37*p. Let r be o(-2). Suppose 52 = -l - 0*l. Let z = l + r. List the prime factors of z.
2, 11
Let l be ((-15)/25)/((-1)/5). Let x(g) = -5*g + l*g + g + 1 + 0*g. List the prime factors of x(-4).
5
Let d be (-22)/55 + 24/10. Suppose -5*b + 5*z - 10 = 0, -5*z = b - d*z - 10. Suppose 277 = 4*c - 5*j, 67 = c + 2*j + b. List the prime factors of c.
2, 17
Let c = -112 - -120. What are the prime factors of (280/(-4 + c))/1?
2, 5, 7
Let v = -16 + 116. List the prime factors of v.
2, 5
Let f be -332*-2*1/4. Let n = -93 + f. What are the prime factors of n?
73
Let n be (-8)/(-60) + 124/(-30). Let u be ((-29)/n)/((-4)/(-16)). Let r = u - 19. What are the prime factors of r?
2, 5
Let c = 11 - 29. Let i = c - -234. Suppose 2*t = -2*t + 4*z + i, -4*t - 4*z + 176 = 0. List the prime factors of t.
7
Suppose 63*x + 20512 = 71*x. List the prime factors of x.
2, 641
Suppose 0 = 4*a - 4*t + 12, -2*a + 0*t - 13 = 5*t. Let z(j) = 6*j**2 + j**3 + 59 + 6*j - 93 + 38. What are the prime factors of z(a)?
2, 3
Let o be 1128/(-2) + -2 + 0. Let p = -390 - o. Suppose y - 35 = -c - y, 4*y = 4*c - p. List the prime factors of c.
41
Suppose -5*o - 2 = 5*a - 17, -4*o + 2*a = -12. Suppose 32 = o*s + 2*l, 2*s + 0*l - 8 = 2*l. List the prime factors of s.
2
Let s = 583 + 284. What are the prime factors of s?
3, 17
Suppose -2*n + 2*l = 3 - 7, -7 = n - 4*l. Let h = -220 + 498. Suppose n*v - 3*x - h = 0, -5*x - 131 = -4*v + 94. What are the prime factors of v?
5, 11
Let u(p) = -214*p**3 + 4*p**2 + 1. List the prime factors of u(-2).
7, 13, 19
Let n(h) = h**2 - 5*h + 12. Let m(r) be the second derivative of 5*r**3/6 - r**2 + 4*r. Let t be m(2). What are the prime factors of n(t)?
2, 3
Suppose 0 = 5*v - 10*v + 25. What are the prime factors of v/(-1 + 16)*117?
3, 13
Suppose -2*h + 21 = m, -h + 6*m + 15 = 5*m. Suppose -h*u = -11*u - 226. List the prime factors of u.
2, 113
Suppose -4*r = -w - 329, -7 + 10 = w. List the prime factors of r.
83
Let t(n) = 73*n - 9. Suppose 5 = r + 3. What are the prime factors of t(r)?
137
Let f(z) = -z**2 - 3*z - 2. Let k be f(-4). Let j be (-6)/(-2)*k/(-9). Suppose 0 = -j*h - 30 + 74. What are the prime factors of h?
2, 11
Let k be 1 + 7917/(-18) - 11/66. Let l = k - -616. List the prime factors of l.
3, 59
Let h(t) = 2*t**3 - 13*t**2 - 9*t + 128. What are the prime factors of h(11)?
2, 13, 43
List the prime factors of -5 + (-3 - 6 - -3933).
3919
Suppose -16 = -5*n + 4. Suppose 0 = -n*s + s + 195. What are the prime factors of s?
5, 13
Let z(w) = w**2 + 8*w - 10. Let y be (13/2)/(2/(-4)). Let h be z(y). Suppose -4*o = -h - 25. List the prime factors of o.
2, 5
Let a = 42 + 346. What are the prime factors of a?
2, 97
Suppose 5*m - g = -18, -2*g = -2*m - 7 - 5. Let a be (-2824)/(-16) - m/2. List the prime factors of a/6 - 4/6.
29
Let h(t) = 5*t**3 - 27*t**2 - 29*t. Let b(q) = q**3 - 7*q**2 - 7*q. Let n(m) = -9*b(m) + 2*h(m). Let p be (-2 + 6)/(1/(-2)). What are the prime factors of n(p)?
2, 3
List the prime factors of 1614/24*8/2.
269
Let v be 0/(-3) + (0 - 88)*-1. Let f = 138 - v. What are the prime factors of f?
2, 5
Suppose 3*n - 33 = 99. What are the prime factors of (-506)/n*1*-6?
3, 23
Let s be 177*8/(-18)*-3. Suppose 5*k + s = 976. Suppose -4*l = -k - 12. List the prime factors of l.
2, 5
Suppose -255 = -14*g + 81. Let f(n) = -2*n**2 - 1. Let y be f(2). List the prime factors of (g/20)/(y/(-240)).
2
Let s(y) = -81*y - 48. List the prime factors of s(-11).
3, 281
Suppose -v + 5*v = 48. Suppose -v*d + 2233 = -d. What are the prime factors of d?
7, 29
Let y = 314 - -1293. What are the prime factors of y?
1607
Suppose -4 = -3*j - 7. Let g = j + 5. Suppose -o = -0*o + 4*t + 9, 0 = t + g. List the prime factors of o.
7
Suppose -l + j = -3*j + 6, -3*j + 29 = l. Suppose -19 = -0*v - v - 3*t, 0 = -v + 2*t + l. List the prime factors of v.
2
Suppose -470 = -4*w + 3*w. What are the prime factors of w?
2, 5, 47
Let u be (-11)/(-4) - 3 - 27/(-12). What are the prime factors of 163/u - (-16)/(-32)?
3
List the prime factors of 247325/221 + (-9)/((-306)/(-4)).
3, 373
Suppose -z - 52245 = -46*z. List the prime factors of z.
3, 43
Let x be (-7)/(-4) + 2/8. Suppose z - 24 = -x*z. What are the prime factors of ((-36)/15)/(z/(-100))?
2, 3, 5
List the prime factors of 28/35*5 - -48.
2, 13
Suppose -3*u + 3 = 0, 134*u + 5457 = 5*f + 131*u. List the prime factors of f.
2, 3, 7, 13
What are the prime factors of 2/((-1291)/431 + 3)*14?
2, 7, 431
Let z = -2264 + 7901. What are the prime factors of z?
3, 1879
List the prime factors of (-716)/(4/18*-2).
3, 179
Suppose 0 = -2*n + 5*n - 3*z + 3, 3*n - 5*z + 9 = 0. Let o(c) = 26*c**3 + 2*c**2 + 5*c - 7. List the prime factors of o(n).
3, 73
Let g = -326 - -526. Suppose 4*s + 0*s + g = 0. Let j = 73 + s. What are the prime factors of j?
23
Let k = -1939 + 2774. Suppose 3*a - 840 = -o - 4*o, 5*o - k = -2*a. What are the prime factors of o?
3, 5, 11
Suppose 0 = -2*a + 10 - 64. Let r = 2 - a. List the prime factors of r.
29
Let s = 190 - 69. Suppose s + 101 = 2*j. List the prime factors of j.
3, 37
Let d be 2*3*(-40)/12. Let v = d - -28. What are the prime factors of v/28 + (-348)/(-7)?
2, 5
Suppose -4 = 3*b - o - 2, -o = -2. Suppose -6*m + 4 + 26 = b. List the prime factors of m.
5
Let b = -196 - -105. Let u = -43 - b. What are the prime factors of u?
2, 3
Suppose -g + 5*l + 12 = 0, 0 = -l - l + 6. Let z = g - 37. List the prime factors of (-4)/(-20) + (-78)/z.
2
Suppose 0 = 3*a - 1643 + 77. Suppose 2*j + 0*c = 4*c + a, -514 = -2*j + 2*c. List the prime factors of j.
11, 23
Let w = 1572 + -695. List the prime factors of w.
877
Let z = 80 - 75. Suppose 2*q - 3*y - 41 = 88, z*y - 71 = -q. What are the prime factors of q?
2, 3, 11
Let b(a) = -3*a - 15. Let w be (-16)/40 - 4/(-10). Let j be b(w). List the prime factors of 2*(j/(-2))/3.
5
Let l = -519 + 741. What are the prime factors of l?
2, 3, 37
Suppose 3*r - 1207 = -19. List the prime factors of r.
2, 3, 11
Suppose 2*b + b = -42. List the prime factors of 1 - (3 - (1 - (b + -1))).
2, 7
Let u = 85 + -82. Suppose -5*x + 46 = -4*t, -6*t = x - u*t + 6. List the prime factors of x.
2, 3
Suppose -f + 219 = -2*f - 3*h, 5*f - h = -1111. Let c = f + 397. List the prime factors of c.
5, 7
Suppose 2*d = -4*u + 38, d = -0 - 1. Let p be 4/u*25/5. Suppose -z + 144 = 3*z - 2*a, -p*a = -2*z + 76. What are the prime factors of z?
2, 17
Let q = -21 - -6. Let z = 17 + q. Suppose -b + z = -27. What are the prime factors of b?
29
Let k(d) = d**3 + 7*d**2 - 8*d + 9. Let f be k(-8). Let m = f - -4. List the prime factors of m.
13
Let d be 1*((1 - 4) + 2). Let f(x) = -x**3 + 27*x**2 + 26*x + 59. Let a be f(28). List the prime factors of 3/d*(-10)/a.
2, 5
Suppose 2*w - 5 = 2*x - 49, 0 = w + 5. Suppose -g - x = -27. List the prime factors of g.
2, 5
Let o(q) = 26*q**3 + 3*q**2 + 11*q - 32. What are the prime factors of o(4)?
2, 431
Suppose -2*f = f - 12. Let m be (-45)/(-6)*-8 - -5. What are the prime factors of (-66)/m*10/f?
3
Suppose -4*j - c + 9357 = j, -4*c = -4*j + 7500. What are the prime factors of j?
2, 3, 13
Suppose -j + 4 = -0. Suppose -3*m + 5*l + 1 = 2, -m - j*l = -28. What are the prime factors of m?
2
Let o(i) be the first derivative of -i**2/2 - 2*i + 15. What are the prime factors of o(-5)?
3
Suppose -3*k + 3*d = -4*k + 11, -5*k + d = -23. Suppose k*b = -15, f